s of 1117213067.
173, 6457879
What are the prime factors of 108309852?
2, 3, 7, 23, 6229
List the prime factors of 52565809.
83, 739, 857
List the prime factors of 2261113088.
2, 13, 19, 35759
List the prime factors of 297524009.
43, 71, 97453
List the prime factors of 604126969.
179, 859, 3929
List the prime factors of 3005524587.
3, 13, 77064733
What are the prime factors of 4010682995?
5, 11, 1873, 38933
What are the prime factors of 288415651?
288415651
List the prime factors of 32275238.
2, 2999, 5381
List the prime factors of 21499991.
29, 643, 1153
What are the prime factors of 467941075?
5, 7, 439, 6091
What are the prime factors of 690575692?
2, 172643923
List the prime factors of 589851.
3, 65539
List the prime factors of 266878982.
2, 23, 5801717
List the prime factors of 994142272.
2, 29, 535637
List the prime factors of 1369716428.
2, 173, 1979359
What are the prime factors of 5979750063?
3, 7, 3413, 83431
What are the prime factors of 1637690390?
2, 5, 7, 23, 1017199
List the prime factors of 288728822.
2, 401, 521, 691
List the prime factors of 7456446341.
71, 193, 263, 2069
List the prime factors of 784152.
2, 3, 10891
List the prime factors of 31872657.
3, 10624219
List the prime factors of 38371281.
3, 13, 75683
What are the prime factors of 206527663?
19, 10869877
What are the prime factors of 133987061?
13, 10306697
What are the prime factors of 430018108?
2, 13, 19, 317, 1373
List the prime factors of 14003001.
3, 59, 26371
What are the prime factors of 274315018?
2, 67, 79, 25913
What are the prime factors of 37608922?
2, 13, 111269
What are the prime factors of 195339913?
195339913
List the prime factors of 973598269.
7, 139085467
List the prime factors of 301334760.
2, 3, 5, 193, 4337
List the prime factors of 101965827.
3, 29, 1172021
What are the prime factors of 510174822?
2, 3, 23, 3696919
List the prime factors of 975374212.
2, 243843553
List the prime factors of 571788962.
2, 167, 379, 4517
List the prime factors of 1270086857.
13, 109, 251, 3571
What are the prime factors of 2562601963?
211, 12145033
List the prime factors of 122045578.
2, 61022789
What are the prime factors of 443180430?
2, 3, 5, 7, 11, 21317
List the prime factors of 278137786.
2, 2063, 67411
What are the prime factors of 60212543?
60212543
What are the prime factors of 9048129?
3, 3016043
What are the prime factors of 76160848?
2, 71, 67043
What are the prime factors of 707119301?
7, 17, 227, 26177
List the prime factors of 52467538.
2, 26233769
List the prime factors of 1191751680.
2, 3, 5, 7, 17, 163
What are the prime factors of 1539360306?
2, 3, 11, 719, 983
List the prime factors of 14272470.
2, 3, 5, 52861
List the prime factors of 77431079.
11, 563, 12503
List the prime factors of 81223048.
2, 277, 36653
List the prime factors of 324149137.
13, 103, 242083
What are the prime factors of 5467398948?
2, 3, 11, 31, 73, 6101
List the prime factors of 2105470144.
2, 61, 539311
List the prime factors of 19500967.
1597, 12211
List the prime factors of 70265446.
2, 67, 524369
List the prime factors of 3402667755.
3, 5, 75614839
What are the prime factors of 456750690?
2, 3, 5, 11, 19, 97, 751
List the prime factors of 5635924184.
2, 11, 17, 593, 6353
List the prime factors of 675152161.
17, 29, 1129, 1213
List the prime factors of 67035774.
2, 3, 13, 859433
What are the prime factors of 53006864?
2, 3312929
What are the prime factors of 2971161391?
11, 41, 941, 7001
List the prime factors of 148359977.
2287, 64871
What are the prime factors of 260714932?
2, 179, 364127
List the prime factors of 907520337.
3, 100835593
What are the prime factors of 937046831?
7, 133863833
List the prime factors of 604596742.
2, 41, 61, 120871
What are the prime factors of 2620216102?
2, 7, 545651
List the prime factors of 11445560.
2, 5, 7, 41, 997
What are the prime factors of 151767195?
3, 5, 107, 94559
List the prime factors of 13316474.
2, 17, 391661
What are the prime factors of 13249176?
2, 3, 743
What are the prime factors of 410068897?
7, 53, 157901
List the prime factors of 1872032796.
2, 3, 67, 83, 1039
What are the prime factors of 146698916?
2, 7, 13, 17, 151, 157
List the prime factors of 5348959489.
461, 11602949
What are the prime factors of 437398672?
2, 179, 152723
What are the prime factors of 125508937?
125508937
List the prime factors of 2521205930.
2, 5, 252120593
List the prime factors of 596279493.
3, 563, 117679
What are the prime factors of 3714801925?
5, 41, 107, 33871
What are the prime factors of 72785921?
13, 5598917
What are the prime factors of 214125264?
2, 3, 131, 11351
What are the prime factors of 404120534?
2, 23, 1123, 7823
What are the prime factors of 5623205?
5, 7, 160663
List the prime factors of 70830398.
2, 17, 2083247
What are the prime factors of 24580193?
11, 2234563
List the prime factors of 1820808637.
4229, 430553
What are the prime factors of 144631890?
2, 3, 5, 13, 37, 257
What are the prime factors of 3316143056?
2, 37, 5601593
List the prime factors of 22238398.
2, 7, 13, 19, 59, 109
List the prime factors of 1400866418.
2, 7, 67, 1493461
List the prime factors of 3784162580.
2, 5, 11, 193, 89123
What are the prime factors of 179062498?
2, 19, 23, 41, 263
What are the prime factors of 1808533299?
3, 23189, 25997
What are the prime factors of 3395897040?
2, 3, 5, 14149571
List the prime factors of 19838747.
47, 422101
List the prime factors of 181784576.
2, 44381
List the prime factors of 4031660128.
2, 89, 1415611
List the prime factors of 39729444.
2, 3, 83, 113, 353
What are the prime factors of 758258840?
2, 5, 19, 52511
What are the prime factors of 35422217?
149, 237733
What are the prime factors of 917589569?
13, 17, 4151989
List the prime factors of 52832987.
283, 186689
List the prime factors of 2605726199.
71, 659, 55691
List the prime factors of 1038911057.
1038911057
List the prime factors of 111593776.
2, 7, 37, 3847
What are the prime factors of 207976538?
2, 7, 11, 17, 4673
List the prime factors of 262025713.
19, 71, 10223
What are the prime factors of 2593869?
3, 864623
List the prime factors of 222523834.
2, 13, 107, 79987
What are the prime factors of 109304659?
5987, 18257
What are the prime factors of 156479206?
2, 13, 41, 181, 811
List the prime factors of 138847402.
2, 19, 41, 89119
List the prime factors of 869639918.
2, 7, 19, 103, 31741
List the prime factors of 112713730.
2, 5, 677, 16649
List the prime factors of 6177987877.
53, 151, 229, 3371
List the prime factors of 966490779.
3, 322163593
What are the prime factors of 343203201?
3, 11, 31, 111829
What are the prime factors of 4469314?
2, 23, 97159
What are the prime factors of 53287282?
2, 17, 61, 25693
What are the prime factors of 3502836806?
2, 7, 1039, 240811
What are the prime factors of 386864546?
2, 17, 11378369
What are the prime factors of 4079780525?
5, 163191221
What are the prime factors of 67791623?
67791623
List the prime factors of 439351809.
3, 13, 31, 363401
What are the prime factors of 96771455?
5, 11, 1759481
List the prime factors of 131922443.
61, 2162663
List the prime factors of 56983998.
2, 3, 101, 94033
What are the prime factors of 645091087?
12473, 51719
List the prime factors of 13728697.
19, 722563
List the prime factors of 39395931.
3, 179, 73363
What are the prime factors of 209670169?
409, 512641
What are the prime factors of 2979139300?
2, 5, 29791393
List the prime factors of 447110715.
3, 5, 173, 172297
What are the prime factors of 120791894?
2, 60395947
What are the prime factors of 184374808?
2, 23, 29, 109, 317
What are the prime factors of 243805144?
2, 11, 2770513
List the prime factors of 2920997283.
3, 1601, 608161
What are the prime factors of 103152776?
2, 71, 181607
List the prime factors of 1053831270.
2, 3, 5, 35127709
List the prime factors of 691817039.
139, 167, 29803
What are the prime factors of 2429122665?
3, 5, 161941511
What are the prime factors of 919773293?
919773293
What are the prime factors of 101200400?
2, 5, 7, 47, 769
List the prime factors of 1084155550.
2, 5, 21683111
List the prime factors of 840295989.
3, 13, 179, 40123
What are the prime factors of 388514991?
3, 17, 7617941
List the prime factors of 20612671.
491, 41981
What are the prime factors of 899160